 greatest common factor of 2022 and 1206.
6
Calculate the greatest common divisor of 8 and 186840.
8
Calculate the greatest common factor of 76 and 1345238.
38
Calculate the greatest common factor of 194920 and 176.
88
What is the greatest common factor of 4147 and 12452?
11
Calculate the highest common divisor of 131536 and 60.
4
Calculate the greatest common divisor of 1105 and 3445.
65
What is the highest common divisor of 22205 and 40?
5
Calculate the highest common divisor of 5470 and 160.
10
Calculate the highest common factor of 27228 and 24.
12
What is the greatest common divisor of 8 and 20128?
8
Calculate the greatest common factor of 7 and 300503.
7
What is the greatest common divisor of 6952 and 649?
11
Calculate the highest common factor of 434809 and 17.
17
What is the greatest common factor of 272 and 57732?
68
What is the greatest common factor of 3167 and 48?
1
Calculate the greatest common factor of 38052 and 5103.
63
Calculate the highest common divisor of 30 and 136905.
15
What is the greatest common divisor of 16282 and 56?
14
What is the greatest common factor of 4121642 and 14?
14
Calculate the greatest common divisor of 1213485 and 1274.
637
What is the highest common divisor of 13 and 70837?
13
Calculate the highest common divisor of 245 and 203.
7
Calculate the greatest common factor of 7840 and 736.
32
Calculate the highest common divisor of 65966 and 2.
2
What is the greatest common divisor of 29 and 5158?
1
What is the highest common divisor of 1015 and 11020?
145
Calculate the greatest common divisor of 294 and 77665.
49
Calculate the highest common divisor of 56360 and 480.
40
Calculate the highest common divisor of 17 and 47209.
17
Calculate the highest common factor of 689 and 449599.
53
What is the greatest common divisor of 255 and 52581?
51
Calculate the highest common divisor of 122659 and 23.
23
What is the highest common factor of 519 and 455336?
173
What is the greatest common factor of 102 and 84099?
51
Calculate the highest common factor of 101755 and 2115.
235
What is the greatest common factor of 14336 and 28?
28
Calculate the highest common divisor of 21 and 4398.
3
Calculate the greatest common factor of 144510 and 90.
30
Calculate the highest common divisor of 1716 and 18304.
572
What is the greatest common factor of 443 and 172327?
443
What is the highest common factor of 266 and 1442?
14
Calculate the highest common divisor of 16610 and 187770.
110
What is the greatest common divisor of 26 and 4717271?
13
Calculate the highest common divisor of 74575 and 1425.
475
Calculate the greatest common factor of 699940 and 31600.
1580
Calculate the greatest common divisor of 31827 and 1545.
309
Calculate the highest common divisor of 430708 and 2212.
316
Calculate the greatest common factor of 215775 and 945.
315
What is the highest common factor of 4202 and 7722?
22
Calculate the greatest common divisor of 258359 and 46.
23
Calculate the highest common factor of 691560 and 10.
10
Calculate the highest common divisor of 2520 and 61110.
630
Calculate the greatest common factor of 16533 and 3762.
99
What is the highest common divisor of 39 and 994656?
39
Calculate the greatest common factor of 1617 and 11361.
21
Calculate the highest common divisor of 23660 and 8855.
35
What is the highest common divisor of 1169430 and 510?
510
Calculate the highest common divisor of 164 and 13780.
4
What is the greatest common divisor of 287 and 29725?
41
Calculate the highest common divisor of 456750 and 30.
30
Calculate the highest common factor of 9751 and 597.
199
What is the highest common factor of 145 and 333007?
29
What is the highest common factor of 72 and 73716?
12
What is the greatest common divisor of 77 and 12386?
11
Calculate the highest common factor of 979 and 15015.
11
What is the greatest common divisor of 7128 and 2816?
88
What is the highest common divisor of 75300 and 4150?
50
Calculate the greatest common factor of 1535512 and 308.
44
What is the highest common factor of 16293 and 6?
3
Calculate the highest common divisor of 1938372 and 12.
12
Calculate the greatest common divisor of 3640 and 32305.
455
What is the highest common factor of 4203 and 2403?
9
Calculate the highest common divisor of 3162 and 307458.
186
Calculate the highest common divisor of 763 and 102403.
7
What is the greatest common factor of 24250 and 1600?
50
What is the highest common factor of 3368 and 29049?
421
What is the greatest common divisor of 26 and 33189?
13
Calculate the highest common divisor of 363697 and 367.
367
What is the highest common factor of 7465 and 1021212?
1493
Calculate the highest common factor of 96681 and 34840.
871
Calculate the highest common divisor of 1040 and 137520.
80
What is the greatest common factor of 824 and 1432?
8
What is the greatest common divisor of 66937 and 169?
13
Calculate the highest common divisor of 663 and 507.
39
What is the greatest common factor of 430017 and 336?
21
What is the highest common divisor of 7531 and 731?
17
Calculate the greatest common divisor of 2008884 and 12.
12
What is the highest common divisor of 25225 and 15?
5
Calculate the greatest common factor of 48 and 372477.
3
Calculate the greatest common factor of 23075 and 2925.
325
Calculate the highest common divisor of 968 and 39204.
484
Calculate the greatest common divisor of 445 and 498489.
89
What is the greatest common divisor of 250762 and 114?
38
What is the highest common factor of 360 and 560115?
45
What is the highest common factor of 21896 and 884?
68
What is the greatest common divisor of 142 and 3185486?
142
Calculate the highest common divisor of 2432 and 13832.
152
Calculate the greatest common factor of 118679 and 176.
11
Calculate the greatest common divisor of 137268 and 444.
12
Calculate the greatest common divisor of 489 and 148493.
163
What is the highest common factor of 842 and 115775?
421
What is the highest common factor of 78 and 13829166?
78
Calculate the highest common factor of 3791 and 16099.
17
Calculate the highest common divisor of 88 and 19349.
11
Calculate the highest common divisor of 500050 and 175.
25
What is the highest common factor of 136 and 41140?
68
Calculate the greatest common divisor of 309 and 4637884.
103
What is the highest common divisor of 236684 and 1264?
316
What is the highest common factor of 768 and 2616?
24
What is the highest common divisor of 1600 and 1175?
25
What is the highest common factor of 2956840 and 1160?
1160
What is the highest common factor of 203391 and 713?
31
Calculate the greatest common factor of 45390 and 319065.
1335
Calculate the greatest common factor of 223836 and 8.
4
Calculate the highest common factor of 45969 and 1194.
597
What is the greatest common factor of 1617841 and 79?
79
Calculate the greatest common factor of 4257 and 19107.
99
Calculate the highest common factor of 354 and 77054.
118
Calculate the highest common divisor of 149 and 1027951.
149
What is the highest common divisor of 52 and 268593?
13
What is the highest common divisor of 19 and 135641?
19
Calculate the highest common factor of 4690 and 51030.
70
What is the highest common factor of 60 and 282?
6
Calculate the highest common divisor of 184219 and 469.
7
Calculate the greatest common divisor of 1822824 and 1296.
648
What is the highest common divisor of 3402 and 1400?
14
Calculate the highest common factor of 52 and 4315558.
26
What is the greatest common divisor of 759616 and 352?
352
Calculate the greatest common divisor of 8520 and 2295.
15
What is the highest common factor of 43172 and 1204?
172
Calculate the greatest common factor of 639395 and 6355.
205
What is the highest common divisor of 16438 and 12?
2
What is the greatest common factor of 16685 and 10810?
235
What is the highest common factor of 985 and 4925?
985
Calculate the highest common factor of 17 and 51663.
17
What is the highest common factor of 1342 and 7442?
122
Calculate the highest common divisor of 86 and 163099.
43
Calculate the highest common divisor of 579 and 14861.
193
What is the highest common divisor of 295976 and 16?
8
Calculate the highest common divisor of 4384 and 3014.
274
Calculate the greatest common factor of 556436 and 16.
4
What is the highest common